41, 43, 2027
List the prime factors of 3230996.
2, 807749
List the prime factors of 2444298.
2, 3, 407383
What are the prime factors of 3456538?
2, 1728269
What are the prime factors of 29383349?
137, 139, 1543
What are the prime factors of 737254?
2, 7, 7523
List the prime factors of 17193003.
3, 31, 199, 929
What are the prime factors of 1159235?
5, 7, 11, 3011
What are the prime factors of 24150352?
2, 59, 25583
List the prime factors of 389774.
2, 7, 11, 2531
What are the prime factors of 3756817?
3756817
List the prime factors of 229627.
229627
What are the prime factors of 234620?
2, 5, 11731
What are the prime factors of 6856852?
2, 23, 74531
List the prime factors of 355332.
2, 3, 29611
What are the prime factors of 14265540?
2, 3, 5, 41, 1933
What are the prime factors of 2085570?
2, 3, 5, 23173
What are the prime factors of 5748903?
3, 638767
List the prime factors of 582979.
41, 59, 241
List the prime factors of 264320.
2, 5, 7, 59
List the prime factors of 253777.
253777
List the prime factors of 984914.
2, 7, 70351
List the prime factors of 62937.
3, 7, 37
What are the prime factors of 478958?
2, 17, 14087
List the prime factors of 17456312.
2, 2182039
What are the prime factors of 331746?
2, 3, 55291
What are the prime factors of 3243549?
3, 17, 63599
List the prime factors of 6022563.
3, 19, 67, 83
What are the prime factors of 15704184?
2, 3, 19, 34439
List the prime factors of 1864701.
3, 23021
What are the prime factors of 101253?
3, 33751
What are the prime factors of 4358102?
2, 7, 311293
List the prime factors of 602080.
2, 5, 53, 71
What are the prime factors of 547653?
3, 23, 7937
What are the prime factors of 25468?
2, 6367
What are the prime factors of 190133?
19, 10007
What are the prime factors of 6845685?
3, 5, 7, 11, 5927
What are the prime factors of 172221?
3, 7, 59, 139
What are the prime factors of 733309?
23, 31883
List the prime factors of 4255420.
2, 5, 13, 1259
List the prime factors of 512804.
2, 128201
List the prime factors of 465674.
2, 11, 61, 347
What are the prime factors of 277716?
2, 3, 23143
List the prime factors of 35136434.
2, 19, 924643
List the prime factors of 4070945.
5, 593, 1373
What are the prime factors of 3400477?
137, 24821
What are the prime factors of 14990883?
3, 29, 37, 4657
List the prime factors of 331902.
2, 3, 18439
List the prime factors of 3775833.
3, 419537
What are the prime factors of 11505668?
2, 17, 37, 269
List the prime factors of 906684.
2, 3, 75557
What are the prime factors of 867659?
13, 31, 2153
List the prime factors of 269270.
2, 5, 26927
What are the prime factors of 387191?
7, 55313
What are the prime factors of 515061?
3, 151, 379
What are the prime factors of 3796032?
2, 3, 17, 1163
List the prime factors of 191239.
31, 199
List the prime factors of 175521.
3, 41, 1427
What are the prime factors of 20058404?
2, 113, 199, 223
List the prime factors of 7628668.
2, 409, 4663
What are the prime factors of 190321?
190321
List the prime factors of 337839.
3, 19, 5927
List the prime factors of 2416015.
5, 7, 69029
What are the prime factors of 69492?
2, 3, 5791
What are the prime factors of 172524?
2, 3, 11, 1307
List the prime factors of 31073951.
31073951
What are the prime factors of 1035327?
3, 345109
What are the prime factors of 258165?
3, 5, 5737
What are the prime factors of 823177?
823177
What are the prime factors of 872403?
3, 7, 41543
List the prime factors of 224149.
224149
List the prime factors of 24210633.
3, 8070211
List the prime factors of 220485.
3, 5, 14699
What are the prime factors of 7417114?
2, 1171, 3167
List the prime factors of 12505056.
2, 3, 130261
What are the prime factors of 83589?
3, 11, 17, 149
List the prime factors of 304375.
5, 487
What are the prime factors of 1992266?
2, 311, 3203
What are the prime factors of 93024?
2, 3, 17, 19
List the prime factors of 11749520.
2, 5, 227, 647
List the prime factors of 91831.
131, 701
What are the prime factors of 67414?
2, 37, 911
List the prime factors of 15375914.
2, 23, 14533
What are the prime factors of 10036?
2, 13, 193
List the prime factors of 3200764.
2, 7, 79, 1447
List the prime factors of 14838491.
31, 73, 79, 83
List the prime factors of 731327.
731327
List the prime factors of 2262115.
5, 487, 929
List the prime factors of 849125.
5, 6793
List the prime factors of 39497102.
2, 19748551
List the prime factors of 1554679.
7, 41, 5417
List the prime factors of 268594.
2, 23, 5839
List the prime factors of 4301595.
3, 5, 17, 5623
List the prime factors of 157541.
257, 613
List the prime factors of 68172.
2, 3, 13, 19, 23
What are the prime factors of 2689071?
3, 7, 11, 1663
List the prime factors of 345920.
2, 5, 23, 47
What are the prime factors of 11590506?
2, 3, 214639
What are the prime factors of 1249650?
2, 3, 5, 2777
What are the prime factors of 23818512?
2, 3, 29, 71, 241
What are the prime factors of 231435?
3, 5, 37, 139
List the prime factors of 772586.
2, 47, 8219
What are the prime factors of 1543222?
2, 109, 7079
List the prime factors of 22655081.
47, 509, 947
What are the prime factors of 3352354?
2, 199, 8423
What are the prime factors of 79169?
17, 4657
List the prime factors of 453296.
2, 41, 691
What are the prime factors of 382453?
181, 2113
List the prime factors of 76187.
47, 1621
List the prime factors of 16437847.
23, 67, 10667
What are the prime factors of 601539?
3, 200513
List the prime factors of 257602.
2, 19, 6779
What are the prime factors of 26800965?
3, 5, 595577
What are the prime factors of 4679502?
2, 3, 787, 991
List the prime factors of 245757.
3, 81919
What are the prime factors of 420073?
420073
What are the prime factors of 19971494?
2, 67, 103, 1447
What are the prime factors of 159927?
3, 53309
What are the prime factors of 18735603?
3, 6245201
What are the prime factors of 3190276?
2, 797569
List the prime factors of 2818025.
5, 7, 16103
List the prime factors of 1397125.
5, 11177
List the prime factors of 353911.
353911
What are the prime factors of 316212?
2, 3, 13, 2027
What are the prime factors of 184368?
2, 3, 23, 167
What are the prime factors of 362151?
3, 17, 263
List the prime factors of 4336542.
2, 3, 7, 127, 271
List the prime factors of 825886.
2, 412943
What are the prime factors of 28786260?
2, 3, 5, 479771
List the prime factors of 1241441.
19, 223, 293
List the prime factors of 92181.
3, 30727
List the prime factors of 1705601.
1705601
List the prime factors of 1322729.
227, 5827
What are the prime factors of 72992?
2, 2281
List the prime factors of 442406.
2, 221203
What are the prime factors of 460761?
3, 7, 37, 593
List the prime factors of 4488254.
2, 43, 52189
What are the prime factors of 2748950?
2, 5, 54979
List the prime factors of 109778.
2, 131, 419
List the prime factors of 1015479.
3, 112831
What are the prime factors of 21447?
3, 2383
List the prime factors of 305337.
3, 17, 5987
List the prime factors of 1034866.
2, 7, 193, 383
What are the prime factors of 18989794?
2, 31, 53, 5779
What are the prime factors of 89244?
2, 3, 37, 67
List the prime factors of 289584.
2, 3, 2011
List the prime factors of 262252.
2, 65563
What are the prime factors of 16783021?
197, 85193
List the prime factors of 1062604.
2, 421, 631
List the prime factors of 7681630.
2, 5, 11, 69833
What are the prime factors of 2361385?
5, 13, 17, 2137
What are the prime factors of 11558132?
2, 97, 29789
What are the prime factors of 632793?
3, 7, 30133
List the prime factors of 10903132.
2, 2725783
List the prime factors of 12753524.
2, 7, 31, 2099
What are the prime factors of 6676671?
3, 2225557
List the prime factors of 13651549.
3001, 4549
List the prime factors of 5608879.
5608879
What are the prime factors of 17109169?
7, 11, 222197
List the prime factors of 28365918.
2, 3, 7, 53, 12743
List the prime factors of 3264779.
7, 73, 6389
List the prime factors of 1734137.
683, 2539
What are the prime factors of 1497815?
5, 11, 113, 241
List the prime factors of 245231.
7, 53, 661
What are the prime factors of 158128?
2, 9883
List the prime factors of 4065945.
3, 5, 13, 29, 719
What are the prime factors of 6945983?
11, 631453
What are the prime factors of 3988986?
2, 3, 733, 907
What are the prime factors of 5028300?
2, 3, 5, 37